487?
7
What is the units digit of 51534?
4
What is the units digit of 95439?
9
What is the thousands digit of 18626?
8
What is the ten thousands digit of 39033?
3
What is the hundreds digit of 54911?
9
What is the hundreds digit of 40598?
5
What is the tens digit of 26962?
6
What is the tens digit of 968?
6
What is the units digit of 106631?
1
What is the thousands digit of 10096?
0
What is the hundreds digit of 1233?
2
What is the units digit of 15584?
4
What is the thousands digit of 13571?
3
What is the hundreds digit of 2145?
1
What is the ten thousands digit of 47657?
4
What is the hundreds digit of 8678?
6
What is the tens digit of 18800?
0
What is the thousands digit of 1353?
1
What is the tens digit of 13789?
8
What is the hundreds digit of 3015?
0
What is the hundreds digit of 4217?
2
What is the units digit of 805?
5
What is the ten thousands digit of 11243?
1
What is the hundreds digit of 118598?
5
What is the units digit of 1509?
9
What is the units digit of 6281?
1
What is the hundreds digit of 882?
8
What is the hundreds digit of 23553?
5
What is the thousands digit of 3779?
3
What is the thousands digit of 12598?
2
What is the hundreds digit of 1344?
3
What is the ten thousands digit of 49617?
4
What is the ten thousands digit of 14894?
1
What is the hundreds digit of 1612?
6
What is the hundreds digit of 6133?
1
What is the ten thousands digit of 38967?
3
What is the units digit of 1934?
4
What is the tens digit of 1489?
8
What is the hundreds digit of 816?
8
What is the tens digit of 41481?
8
What is the tens digit of 22229?
2
What is the units digit of 45939?
9
What is the thousands digit of 116264?
6
What is the tens digit of 5699?
9
What is the thousands digit of 3545?
3
What is the thousands digit of 1633?
1
What is the hundreds digit of 910?
9
What is the tens digit of 122900?
0
What is the units digit of 3649?
9
What is the ten thousands digit of 11607?
1
What is the units digit of 13653?
3
What is the thousands digit of 107966?
7
What is the thousands digit of 7300?
7
What is the tens digit of 636?
3
What is the tens digit of 1317?
1
What is the ten thousands digit of 46486?
4
What is the thousands digit of 40740?
0
What is the ten thousands digit of 38632?
3
What is the ten thousands digit of 97405?
9
What is the units digit of 22518?
8
What is the thousands digit of 15148?
5
What is the tens digit of 546?
4
What is the ten thousands digit of 20802?
2
What is the thousands digit of 3683?
3
What is the units digit of 5230?
0
What is the tens digit of 19420?
2
What is the tens digit of 238?
3
What is the ten thousands digit of 31963?
3
What is the units digit of 5544?
4
What is the thousands digit of 103971?
3
What is the units digit of 8481?
1
What is the tens digit of 330?
3
What is the thousands digit of 28381?
8
What is the tens digit of 7015?
1
What is the units digit of 7804?
4
What is the tens digit of 49653?
5
What is the hundreds digit of 2653?
6
What is the thousands digit of 51388?
1
What is the tens digit of 1599?
9
What is the hundreds digit of 5322?
3
What is the ten thousands digit of 15814?
1
What is the tens digit of 1663?
6
What is the tens digit of 54465?
6
What is the hundreds digit of 22496?
4
What is the ten thousands digit of 32555?
3
What is the hundreds digit of 28099?
0
What is the hundreds digit of 1001?
0
What is the ten thousands digit of 11878?
1
What is the hundreds digit of 120?
1
What is the units digit of 361?
1
What is the hundreds digit of 37978?
9
What is the ten thousands digit of 96772?
9
What is the units digit of 6044?
4
What is the hundreds digit of 9518?
5
What is the units digit of 4334?
4
What is the units digit of 775?
5
What is the tens digit of 3121?
2
What is the tens digit of 80?
8
What is the thousands digit of 1263?
1
What is the hundreds digit of 730?
7
What is the hundreds digit of 496?
4
What is the ten thousands digit of 21926?
2
What is the units digit of 34479?
9
What is the tens digit of 1815?
1
What is the units digit of 16664?
4
What is the units digit of 1200?
0
What is the hundreds digit of 1136?
1
What is the hundreds digit of 6456?
4
What is the hundreds digit of 20387?
3
What is the tens digit of 2448?
4
What is the tens digit of 447?
4
What is the units digit of 25359?
9
What is the tens digit of 9206?
0
What is the thousands digit of 23177?
3
What is the thousands digit of 89274?
9
What is the hundreds digit of 578?
5
What is the thousands digit of 1645?
1
What is the thousands digit of 1092?
1
What is the ten thousands digit of 106000?
0
What is the hundreds digit of 2820?
8
What is the tens digit of 191?
9
What is the units digit of 1976?
6
What is the units digit of 7556?
6
What is the hundreds digit of 1781?
7
What is the units digit of 8639?
9
What is the tens digit of 1476?
7
What is the tens digit of 3074?
7
What is the tens digit of 28472?
7
What is the tens digit of 309?
0
What is the units digit of 11366?
6
What is the ten thousands digit of 58413?
5
What is the ten thousands digit of 19080?
1
What is the units digit of 6830?
0
What is the thousands digit of 1604?
1
What is the hundreds digit of 1560?
5
What is the tens digit of 49930?
3
What is the thousands digit of 4130?
4
What is the ten thousands digit of 46932?
4
What is the hundreds digit of 743?
7
What is the ten thousands digit of 34779?
3
What is the hundreds digit of 3065?
0
What is the ten thousands digit of 194446?
9
What is the units digit of 53980?
0
What is the hundreds digit of 3985?
9
What is the tens digit of 3344?
4
What is the hundreds digit of 36499?
4
What is the hundreds digit of 1832?
8
What is the hundreds digit of 125308?
3
What is the ten thousands digit of 31648?
3
What is the hundreds digit of 8237?
2
What is the ten thousands digit of 24296?
2
What is the units digit of 42900?
0
What is the tens digit of 1265?
6
What is the hundreds digit of 77701?
7
What is the hundreds digit of 3491?
4
What is the hundreds digit of 6887?
8
What is the units digit of 46991?
1
What is the hundreds digit of 2732?
7
What is the tens digit of 74814?
1
What is the ten thousands digit of 38921?
3
What is the hundreds digit of 727?
7
What is the thousands digit of 55890?
5
What is the thousands digit of 26055?
6
What is the thousands digit of 33136?
3
What is the tens digit of 916?
1
What is the units digit of 1094?
4
What is the thousands digit of 12903?
2
What is the units digit of 4116?
6
What is the ten thousands digit of 66004?
6
What is the thousands digit of 7656?
7
What is the units digit of 216?
6
What is the tens digit of 930?
3
What is the units digit of 307?
7
What is the hundreds digit of 41568?
5
What is the units digit of 1637?
7
What is the hundreds digit of 5003?
0
What is the tens digit of 3889?
8
What is the tens digit of 1735?
3
What is the tens digit of 3799?
9
What is the tens digit of 113606?
0
What is the thousands digit of 13699?
3
What is the hundreds digit of 7322?
3
What is the units digit of 534?
4
What is the units digit of 64063?
3
What is the ten thousands digit of 50611?
5
What is the units digit of 45428?
8
What is the tens digit of 110?
1
What is the hundreds digit of 1507?
5
What is the hundreds digit of 25868?
8
What is the hundreds digit of 46675?
6
What is the units digit of 80223?
3
What is the tens digit of 3292?
9
What is the tens digit of 10065?
6
What is the thousands digit of 18115?
8
What is the thousands digit of 3988?
3
What is the tens digit of 18233?
3
What is the thousands digit of 3951?
3
What is the thousands digit of 2690?
2
What is the units digit of 866?
6
What is the tens digit of 1651?
5
What is the units digit of 425?
5
What is the tens digit of 2935?
3
What is the hundreds digit of 2530?
5
What is the thousands digit of 72935?
2
What is the thousands digit of 2923?
2
What is the hundreds digit of 4254?
2
What is the tens digit of 54147?
4
What is the thousands digit of 1259?
1
What is the hundreds digit of 7622?
6
What is the hundreds digit of 52046?
0
What is the hundreds digit of 111955?
9
What is the units digit of 1119?
9
What is the units digit of 5213?
3
What is the hundreds digit of 26879?
8
What is the tens digit of 20393?
9
What is the units digit of 1860?
0
What is the thousands digit of 20296?
0
What is the thou